{"id":170,"date":"2023-08-27T18:10:09","date_gmt":"2023-08-27T16:10:09","guid":{"rendered":"http:\/\/dermaline-co.pl\/?page_id=170"},"modified":"2023-10-02T17:46:23","modified_gmt":"2023-10-02T15:46:23","slug":"elementor-170","status":"publish","type":"page","link":"https:\/\/dermaline-co.pl\/?page_id=170","title":{"rendered":""},"content":{"rendered":"\t\t<div data-elementor-type=\"wp-page\" data-elementor-id=\"170\" class=\"elementor elementor-170\">\n\t\t\t\t\t\t<section class=\"elementor-section elementor-top-section elementor-element elementor-element-032aa3e elementor-section-boxed elementor-section-height-default elementor-section-height-default wpr-particle-no wpr-jarallax-no wpr-parallax-no wpr-sticky-section-no wpr-equal-height-no\" data-id=\"032aa3e\" data-element_type=\"section\" data-e-type=\"section\">\n\t\t\t\t\t\t<div class=\"elementor-container elementor-column-gap-default\">\n\t\t\t\t\t<div class=\"elementor-column elementor-col-100 elementor-top-column elementor-element elementor-element-a36c537\" data-id=\"a36c537\" data-element_type=\"column\" data-e-type=\"column\">\n\t\t\t<div class=\"elementor-widget-wrap elementor-element-populated\">\n\t\t\t\t\t\t<div class=\"elementor-element elementor-element-664b754 elementor-widget elementor-widget-text-editor\" data-id=\"664b754\" data-element_type=\"widget\" data-e-type=\"widget\" data-widget_type=\"text-editor.default\">\n\t\t\t\t<div class=\"elementor-widget-container\">\n\t\t\t\t\t\t\t\t\t<p><a style=\"text-decoration-line: none; margin: 0px; padding: 0px; border: 0px; outline: 0px; font-size: 12.88px; text-size-adjust: 100%; vertical-align: baseline; background: #ffffff; color: #767676; font-family: Roboto, Helvetica, Arial, Lucida, sans-serif;\" href=\"https:\/\/serwer2379072.home.pl\/autoinstalator\/wordpresswoocommerce2\">Home<\/a><span style=\"color: #767676; font-family: Roboto, Helvetica, Arial, Lucida, sans-serif; font-size: 12.88px;\"> \/ REGENERACJA I ODM\u0141ODZENIE &#8211; PROGRAM PIEL\u0118GNACJI DOMOWEJ \/ POZABIEGOWEJ<\/span><\/p>\t\t\t\t\t\t\t\t<\/div>\n\t\t\t\t<\/div>\n\t\t\t\t<div class=\"elementor-element elementor-element-f550032 elementor-widget elementor-widget-heading\" data-id=\"f550032\" data-element_type=\"widget\" data-e-type=\"widget\" data-widget_type=\"heading.default\">\n\t\t\t\t<div class=\"elementor-widget-container\">\n\t\t\t\t\t<h2 class=\"elementor-heading-title elementor-size-default\"><h1 style=\"margin: 0px;padding: 0px 0px 10px;border: 0px;font-size: 30px;vertical-align: baseline;background-image: initial;background-position: initial;background-size: initial;background-repeat: initial;background-attachment: initial;line-height: 1em;font-family: Roboto, Helvetica, Arial, Lucida, sans-serif\">REGENERACJA I ODM\u0141ODZENIE - PROGRAM PIEL\u0118GNACJI DOMOWEJ \/ POZABIEGOWEJ<\/h1><\/h2>\t\t\t\t<\/div>\n\t\t\t\t<\/div>\n\t\t\t\t<div class=\"elementor-element elementor-element-4d8b022 eael-product-grid-column-4 elementor-widget elementor-widget-eicon-woocommerce\" data-id=\"4d8b022\" data-element_type=\"widget\" data-e-type=\"widget\" data-widget_type=\"eicon-woocommerce.default\">\n\t\t\t\t<div class=\"elementor-widget-container\">\n\t\t\t\t\t\n        <div class=\"eael-product-grid eael-product-simple masonry\" id=\"eael-product-grid\" data-widget-id=\"4d8b022\" data-page-id=\"170\" data-nonce=\"5a3379670c\" >\n            <div class=\"woocommerce\">\n                <ul class=\"products eael-post-appender eael-post-appender-4d8b022\" data-ssi-desktop=\"no\" data-ssi-tablet=\"no\" data-ssi-mobile=\"no\" data-layout-mode=\"masonry\"> <li class=\"product \">\n<div class=\"eael-product-wrap\" data-src=\"\" data-src-hover=\"\">\n    <img fetchpriority=\"high\" decoding=\"async\" width=\"300\" height=\"300\" src=\"https:\/\/dermaline-co.pl\/wp-content\/uploads\/2023\/08\/17.-APCARL100-BIO-ACTIVING-PDRN-CREAM-100g-300x300.jpg\" class=\"attachment-woocommerce_thumbnail size-woocommerce_thumbnail wvs-archive-product-image\" alt=\"BIO ACTIVING PDRN CREAM [4.300ppm]\" loading=\"eager\" srcset=\"https:\/\/dermaline-co.pl\/wp-content\/uploads\/2023\/08\/17.-APCARL100-BIO-ACTIVING-PDRN-CREAM-100g-300x300.jpg 300w, https:\/\/dermaline-co.pl\/wp-content\/uploads\/2023\/08\/17.-APCARL100-BIO-ACTIVING-PDRN-CREAM-100g-1024x1024.jpg 1024w, https:\/\/dermaline-co.pl\/wp-content\/uploads\/2023\/08\/17.-APCARL100-BIO-ACTIVING-PDRN-CREAM-100g-150x150.jpg 150w, https:\/\/dermaline-co.pl\/wp-content\/uploads\/2023\/08\/17.-APCARL100-BIO-ACTIVING-PDRN-CREAM-100g-768x768.jpg 768w, https:\/\/dermaline-co.pl\/wp-content\/uploads\/2023\/08\/17.-APCARL100-BIO-ACTIVING-PDRN-CREAM-100g-1536x1536.jpg 1536w, https:\/\/dermaline-co.pl\/wp-content\/uploads\/2023\/08\/17.-APCARL100-BIO-ACTIVING-PDRN-CREAM-100g-600x600.jpg 600w, https:\/\/dermaline-co.pl\/wp-content\/uploads\/2023\/08\/17.-APCARL100-BIO-ACTIVING-PDRN-CREAM-100g-100x100.jpg 100w, https:\/\/dermaline-co.pl\/wp-content\/uploads\/2023\/08\/17.-APCARL100-BIO-ACTIVING-PDRN-CREAM-100g.jpg 2048w\" sizes=\"(max-width: 300px) 100vw, 300px\" \/><div class=\"eael-product-title\">\n    <a href=\"https:\/\/dermaline-co.pl\/?product=bio-activing-pdrn-cream-4-300ppm\" class=\"woocommerce-LoopProduct-link woocommerce-loop-product__link\"><h2 class=\"woocommerce-loop-product__title\">BIO ACTIVING PDRN CREAM [4.300ppm]<\/h2><\/a>\n    <\/div><div class=\"eael-product-price\"><span class=\"woocommerce-Price-amount amount\"><bdi>817,95&nbsp;<span class=\"woocommerce-Price-currencySymbol\">&#122;&#322;<\/span><\/bdi><\/span><\/div>    <a href=\"https:\/\/dermaline-co.pl\/?product=bio-activing-pdrn-cream-4-300ppm\" aria-describedby=\"woocommerce_loop_add_to_cart_link_describedby_36\" data-quantity=\"1\" class=\"button product_type_variable add_to_cart_button\" data-product_id=\"36\" data-product_sku=\"APCARL100\" aria-label=\"Wybierz opcje dla &bdquo;BIO ACTIVING PDRN CREAM [4.300ppm]&rdquo;\" rel=\"nofollow\">Wybierz opcje<\/a>\t<span id=\"woocommerce_loop_add_to_cart_link_describedby_36\" class=\"screen-reader-text\">\n\t\tTen produkt ma wiele wariant\u00f3w. Opcje mo\u017cna wybra\u0107 na stronie produktu\t<\/span>\n    \n<\/div>\n\n<\/li> <li class=\"product \">\n<div class=\"eael-product-wrap\" data-src=\"\" data-src-hover=\"\">\n    <img decoding=\"async\" width=\"300\" height=\"300\" src=\"https:\/\/dermaline-co.pl\/wp-content\/uploads\/2023\/08\/14.-APEARL30-BIO-ACTIVING-PDRN-EYE-CREAM-300x300.jpg\" class=\"attachment-woocommerce_thumbnail size-woocommerce_thumbnail wvs-archive-product-image\" alt=\"BIO ACTIVING PDRN EYE CREAM [3.000ppm]\" loading=\"eager\" srcset=\"https:\/\/dermaline-co.pl\/wp-content\/uploads\/2023\/08\/14.-APEARL30-BIO-ACTIVING-PDRN-EYE-CREAM-300x300.jpg 300w, https:\/\/dermaline-co.pl\/wp-content\/uploads\/2023\/08\/14.-APEARL30-BIO-ACTIVING-PDRN-EYE-CREAM-1024x1024.jpg 1024w, https:\/\/dermaline-co.pl\/wp-content\/uploads\/2023\/08\/14.-APEARL30-BIO-ACTIVING-PDRN-EYE-CREAM-150x150.jpg 150w, https:\/\/dermaline-co.pl\/wp-content\/uploads\/2023\/08\/14.-APEARL30-BIO-ACTIVING-PDRN-EYE-CREAM-768x768.jpg 768w, https:\/\/dermaline-co.pl\/wp-content\/uploads\/2023\/08\/14.-APEARL30-BIO-ACTIVING-PDRN-EYE-CREAM-1536x1536.jpg 1536w, https:\/\/dermaline-co.pl\/wp-content\/uploads\/2023\/08\/14.-APEARL30-BIO-ACTIVING-PDRN-EYE-CREAM-600x600.jpg 600w, https:\/\/dermaline-co.pl\/wp-content\/uploads\/2023\/08\/14.-APEARL30-BIO-ACTIVING-PDRN-EYE-CREAM-100x100.jpg 100w, https:\/\/dermaline-co.pl\/wp-content\/uploads\/2023\/08\/14.-APEARL30-BIO-ACTIVING-PDRN-EYE-CREAM.jpg 2048w\" sizes=\"(max-width: 300px) 100vw, 300px\" \/><div class=\"eael-product-title\">\n    <a href=\"https:\/\/dermaline-co.pl\/?product=bio-activing-pdrn-eye-cream-3-000ppm\" class=\"woocommerce-LoopProduct-link woocommerce-loop-product__link\"><h2 class=\"woocommerce-loop-product__title\">BIO ACTIVING PDRN EYE CREAM [3.000ppm]<\/h2><\/a>\n    <\/div><div class=\"eael-product-price\"><span class=\"woocommerce-Price-amount amount\"><bdi>479,70&nbsp;<span class=\"woocommerce-Price-currencySymbol\">&#122;&#322;<\/span><\/bdi><\/span><\/div>    <a href=\"\/index.php?rest_route=%2Fwp%2Fv2%2Fpages%2F170&#038;add-to-cart=37\" aria-describedby=\"woocommerce_loop_add_to_cart_link_describedby_37\" data-quantity=\"1\" class=\"button product_type_simple add_to_cart_button ajax_add_to_cart\" data-product_id=\"37\" data-product_sku=\"APEARL30\" aria-label=\"Dodaj do koszyka: &bdquo;BIO ACTIVING PDRN EYE CREAM [3.000ppm]&rdquo;\" rel=\"nofollow\" data-success_message=\"&ldquo;BIO ACTIVING PDRN EYE CREAM [3.000ppm]&rdquo; zosta\u0142 dodany do twojego koszyka\" role=\"button\">Dodaj do koszyka<\/a>\t<span id=\"woocommerce_loop_add_to_cart_link_describedby_37\" class=\"screen-reader-text\">\n\t\t\t<\/span>\n    \n<\/div>\n\n<\/li> <li class=\"product \">\n<div class=\"eael-product-wrap\" data-src=\"\" data-src-hover=\"\">\n    <img decoding=\"async\" width=\"300\" height=\"300\" src=\"https:\/\/dermaline-co.pl\/wp-content\/uploads\/2023\/08\/15.-APPARL60-BIO-ACTIVING-PDRN-EYE-PATCH-300x300.jpg\" class=\"attachment-woocommerce_thumbnail size-woocommerce_thumbnail wvs-archive-product-image\" alt=\"BIO ACTIVING PDRN EYE PATCH [2.580ppm]\" loading=\"eager\" srcset=\"https:\/\/dermaline-co.pl\/wp-content\/uploads\/2023\/08\/15.-APPARL60-BIO-ACTIVING-PDRN-EYE-PATCH-300x300.jpg 300w, https:\/\/dermaline-co.pl\/wp-content\/uploads\/2023\/08\/15.-APPARL60-BIO-ACTIVING-PDRN-EYE-PATCH-1024x1024.jpg 1024w, https:\/\/dermaline-co.pl\/wp-content\/uploads\/2023\/08\/15.-APPARL60-BIO-ACTIVING-PDRN-EYE-PATCH-150x150.jpg 150w, https:\/\/dermaline-co.pl\/wp-content\/uploads\/2023\/08\/15.-APPARL60-BIO-ACTIVING-PDRN-EYE-PATCH-768x768.jpg 768w, https:\/\/dermaline-co.pl\/wp-content\/uploads\/2023\/08\/15.-APPARL60-BIO-ACTIVING-PDRN-EYE-PATCH-1536x1536.jpg 1536w, https:\/\/dermaline-co.pl\/wp-content\/uploads\/2023\/08\/15.-APPARL60-BIO-ACTIVING-PDRN-EYE-PATCH-600x600.jpg 600w, https:\/\/dermaline-co.pl\/wp-content\/uploads\/2023\/08\/15.-APPARL60-BIO-ACTIVING-PDRN-EYE-PATCH-100x100.jpg 100w, https:\/\/dermaline-co.pl\/wp-content\/uploads\/2023\/08\/15.-APPARL60-BIO-ACTIVING-PDRN-EYE-PATCH.jpg 2048w\" sizes=\"(max-width: 300px) 100vw, 300px\" \/><div class=\"eael-product-title\">\n    <a href=\"https:\/\/dermaline-co.pl\/?product=bio-activing-pdrn-eye-patch-2-580ppm\" class=\"woocommerce-LoopProduct-link woocommerce-loop-product__link\"><h2 class=\"woocommerce-loop-product__title\">BIO ACTIVING PDRN EYE PATCH [2.580ppm]<\/h2><\/a>\n    <\/div><div class=\"eael-product-price\"><span class=\"woocommerce-Price-amount amount\"><bdi>492,00&nbsp;<span class=\"woocommerce-Price-currencySymbol\">&#122;&#322;<\/span><\/bdi><\/span><\/div>    <a href=\"\/index.php?rest_route=%2Fwp%2Fv2%2Fpages%2F170&#038;add-to-cart=38\" aria-describedby=\"woocommerce_loop_add_to_cart_link_describedby_38\" data-quantity=\"1\" class=\"button product_type_simple add_to_cart_button ajax_add_to_cart\" data-product_id=\"38\" data-product_sku=\"APPARL60\" aria-label=\"Dodaj do koszyka: &bdquo;BIO ACTIVING PDRN EYE PATCH [2.580ppm]&rdquo;\" rel=\"nofollow\" data-success_message=\"&ldquo;BIO ACTIVING PDRN EYE PATCH [2.580ppm]&rdquo; zosta\u0142 dodany do twojego koszyka\" role=\"button\">Dodaj do koszyka<\/a>\t<span id=\"woocommerce_loop_add_to_cart_link_describedby_38\" class=\"screen-reader-text\">\n\t\t\t<\/span>\n    \n<\/div>\n\n<\/li> <li class=\"product \">\n<div class=\"eael-product-wrap\" data-src=\"\" data-src-hover=\"\">\n    <img decoding=\"async\" width=\"300\" height=\"300\" src=\"https:\/\/dermaline-co.pl\/wp-content\/uploads\/2023\/08\/9.-HPSARL200-HYCARE-PDRN-SOLUTION-TONER-1-300x300.jpg\" class=\"attachment-woocommerce_thumbnail size-woocommerce_thumbnail wvs-archive-product-image\" alt=\"HYCARE PDRN SOLUTION TONER [860ppm]\" loading=\"eager\" srcset=\"https:\/\/dermaline-co.pl\/wp-content\/uploads\/2023\/08\/9.-HPSARL200-HYCARE-PDRN-SOLUTION-TONER-1-300x300.jpg 300w, https:\/\/dermaline-co.pl\/wp-content\/uploads\/2023\/08\/9.-HPSARL200-HYCARE-PDRN-SOLUTION-TONER-1-1024x1024.jpg 1024w, https:\/\/dermaline-co.pl\/wp-content\/uploads\/2023\/08\/9.-HPSARL200-HYCARE-PDRN-SOLUTION-TONER-1-150x150.jpg 150w, https:\/\/dermaline-co.pl\/wp-content\/uploads\/2023\/08\/9.-HPSARL200-HYCARE-PDRN-SOLUTION-TONER-1-768x768.jpg 768w, https:\/\/dermaline-co.pl\/wp-content\/uploads\/2023\/08\/9.-HPSARL200-HYCARE-PDRN-SOLUTION-TONER-1-1536x1536.jpg 1536w, https:\/\/dermaline-co.pl\/wp-content\/uploads\/2023\/08\/9.-HPSARL200-HYCARE-PDRN-SOLUTION-TONER-1-600x600.jpg 600w, https:\/\/dermaline-co.pl\/wp-content\/uploads\/2023\/08\/9.-HPSARL200-HYCARE-PDRN-SOLUTION-TONER-1-100x100.jpg 100w, https:\/\/dermaline-co.pl\/wp-content\/uploads\/2023\/08\/9.-HPSARL200-HYCARE-PDRN-SOLUTION-TONER-1.jpg 2048w\" sizes=\"(max-width: 300px) 100vw, 300px\" \/><div class=\"eael-product-title\">\n    <a href=\"https:\/\/dermaline-co.pl\/?product=hycare-pdrn-solution-toner-860ppm\" class=\"woocommerce-LoopProduct-link woocommerce-loop-product__link\"><h2 class=\"woocommerce-loop-product__title\">HYCARE PDRN SOLUTION TONER [860ppm]<\/h2><\/a>\n    <\/div><div class=\"eael-product-price\"><span class=\"woocommerce-Price-amount amount\"><bdi>461,25&nbsp;<span class=\"woocommerce-Price-currencySymbol\">&#122;&#322;<\/span><\/bdi><\/span><\/div>    <a href=\"\/index.php?rest_route=%2Fwp%2Fv2%2Fpages%2F170&#038;add-to-cart=33\" aria-describedby=\"woocommerce_loop_add_to_cart_link_describedby_33\" data-quantity=\"1\" class=\"button product_type_simple add_to_cart_button ajax_add_to_cart\" data-product_id=\"33\" data-product_sku=\"HPSARL200\" aria-label=\"Dodaj do koszyka: &bdquo;HYCARE PDRN SOLUTION TONER [860ppm]&rdquo;\" rel=\"nofollow\" data-success_message=\"&ldquo;HYCARE PDRN SOLUTION TONER [860ppm]&rdquo; zosta\u0142 dodany do twojego koszyka\" role=\"button\">Dodaj do koszyka<\/a>\t<span id=\"woocommerce_loop_add_to_cart_link_describedby_33\" class=\"screen-reader-text\">\n\t\t\t<\/span>\n    \n<\/div>\n\n<\/li><\/ul>            <div class=\"eael-load-more-button-wrap eael-force-hide\">\n                <button class=\"eael-load-more-button\" id=\"eael-load-more-btn-4d8b022\" data-widget-id=\"4d8b022\" data-widget=\"4d8b022\" data-page-id=\"170\" data-template=\"{&quot;dir&quot;:&quot;lite&quot;,&quot;file_name&quot;:&quot;simple.php&quot;,&quot;name&quot;:&quot;Eicon-Woocommerce&quot;}\" data-class=\"Essential_Addons_Elementor\\Elements\\Product_Grid\" data-layout=\"masonry\" data-page=\"1\" data-args=\"post_type=product&amp;post_status%5B0%5D=publish&amp;post_status%5B1%5D=pending&amp;post_status%5B2%5D=future&amp;posts_per_page=4&amp;order=desc&amp;offset=0&amp;tax_query%5Brelation%5D=AND&amp;tax_query%5B0%5D%5Btaxonomy%5D=product_visibility&amp;tax_query%5B0%5D%5Bfield%5D=name&amp;tax_query%5B0%5D%5Bterms%5D%5B0%5D=exclude-from-search&amp;tax_query%5B0%5D%5Bterms%5D%5B1%5D=exclude-from-catalog&amp;tax_query%5B0%5D%5Boperator%5D=NOT+IN&amp;tax_query%5B1%5D%5Btaxonomy%5D=product_cat&amp;tax_query%5B1%5D%5Bfield%5D=slug&amp;tax_query%5B1%5D%5Bterms%5D%5B0%5D=odzyskiwanie-wieku-program-opieki-pozabiegowej&amp;tax_query%5B1%5D%5Boperator%5D=IN&amp;meta_query%5Brelation%5D=AND&amp;orderby=date&amp;total_post=7\" data-max-page=\"2\">\n                    <span class=\"eael-btn-loader button__loader\"><\/span>\n                    <span class=\"eael_load_more_text\"><\/span>\n                <\/button>\n            <\/div>\n                        <\/div>\n        <\/div>\n\n        <script type=\"text\/javascript\">\n            jQuery(document).ready(function($) {\n                var $scope = jQuery(\".elementor-element-4d8b022\");\n                var $products = $('.products', $scope);\n                var $layout_mode = $products.data('layout-mode');\n                \n                if ( $layout_mode === 'masonry' ) {\n                    \/\/ init isotope\n                    var $isotope_products = $products.isotope({\n                        itemSelector: \"li.product\",\n                        layoutMode: $layout_mode,\n                        percentPosition: true\n                    });\n\n                    $isotope_products.imagesLoaded().progress( function() {\n                        $isotope_products.isotope('layout');\n                    })\n                    \n                }\n            });\n        <\/script>\n        \t\t\t\t<\/div>\n\t\t\t\t<\/div>\n\t\t\t\t\t<\/div>\n\t\t<\/div>\n\t\t\t\t\t<\/div>\n\t\t<\/section>\n\t\t\t\t<\/div>\n\t\t","protected":false},"excerpt":{"rendered":"<p>Home \/ REGENERACJA I ODM\u0141ODZENIE &#8211; PROGRAM PIEL\u0118GNACJI DOMOWEJ \/ POZABIEGOWEJ REGENERACJA I ODM\u0141ODZENIE &#8211; PROGRAM PIEL\u0118GNACJI DOMOWEJ \/ POZABIEGOWEJ BIO ACTIVING PDRN CREAM [4.300ppm] &#122;&#322;381,30 &ndash; &#122;&#322;817,95 Wybierz opcje BIO ACTIVING PDRN EYE CREAM [3.000ppm] &#122;&#322;479,70 Dodaj do koszyka BIO ACTIVING PDRN EYE PATCH [2.580ppm] &#122;&#322;492,00 Dodaj do koszyka HYCARE PDRN SOLUTION TONER [860ppm] &#122;&#322;461,25 Dodaj do koszyka<\/p>\n","protected":false},"author":1,"featured_media":0,"parent":0,"menu_order":0,"comment_status":"closed","ping_status":"closed","template":"","meta":{"_eb_attr":"","footnotes":""},"class_list":["post-170","page","type-page","status-publish","hentry"],"jetpack_sharing_enabled":true,"_links":{"self":[{"href":"https:\/\/dermaline-co.pl\/index.php?rest_route=\/wp\/v2\/pages\/170","targetHints":{"allow":["GET"]}}],"collection":[{"href":"https:\/\/dermaline-co.pl\/index.php?rest_route=\/wp\/v2\/pages"}],"about":[{"href":"https:\/\/dermaline-co.pl\/index.php?rest_route=\/wp\/v2\/types\/page"}],"author":[{"embeddable":true,"href":"https:\/\/dermaline-co.pl\/index.php?rest_route=\/wp\/v2\/users\/1"}],"replies":[{"embeddable":true,"href":"https:\/\/dermaline-co.pl\/index.php?rest_route=%2Fwp%2Fv2%2Fcomments&post=170"}],"version-history":[{"count":21,"href":"https:\/\/dermaline-co.pl\/index.php?rest_route=\/wp\/v2\/pages\/170\/revisions"}],"predecessor-version":[{"id":539,"href":"https:\/\/dermaline-co.pl\/index.php?rest_route=\/wp\/v2\/pages\/170\/revisions\/539"}],"wp:attachment":[{"href":"https:\/\/dermaline-co.pl\/index.php?rest_route=%2Fwp%2Fv2%2Fmedia&parent=170"}],"curies":[{"name":"wp","href":"https:\/\/api.w.org\/{rel}","templated":true}]}}