{"id":34,"date":"2023-08-26T01:25:14","date_gmt":"2023-08-25T23:25:14","guid":{"rendered":"http:\/\/dermaline-co.pl\/?post_type=product&#038;p=34"},"modified":"2026-04-14T16:55:00","modified_gmt":"2026-04-14T14:55:00","slug":"hycare-pdrn-solution-emulsion-860ppm","status":"publish","type":"product","link":"https:\/\/dermaline-co.pl\/?product=hycare-pdrn-solution-emulsion-860ppm","title":{"rendered":"HYCARE PDRN SOLUTION EMULSION [860ppm]"},"content":{"rendered":"","protected":false},"excerpt":{"rendered":"<p><strong>200 ml<\/strong><\/p>\n<p style=\"font-weight: 400;\">\u0141atwa w oddechu, ale skuteczna piel\u0119gnacja<\/p>\n<p style=\"font-weight: 400;\">Lubisz kosmetyki, kt\u00f3re &#8222;robi\u0105&#8221; wi\u0119cej ni\u017c jedn\u0105 rzecz na raz? W takim razie jeste\u015b we w\u0142a\u015bciwym miejscu, poniewa\u017c ta emulsja o mi\u0119kkiej konsystencji zapewnia d\u0142ugotrwa\u0142\u0105 ochron\u0119 o szerokim spektrum dzia\u0142ania oraz korzy\u015bci przeciwutleniaj\u0105ce i rewitalizuj\u0105ce. Warto spr\u00f3bowa\u0107!!<\/p>\n<p style=\"font-weight: 400;\">Zastosowanie:<\/p>\n<ol>\n<li style=\"font-weight: 400;\">Po oczyszczeniu i przygotowaniu sk\u00f3ry nanie\u015b\u0107 5 pompek na twarz, szyj\u0119 i dekolt.<\/li>\n<li style=\"font-weight: 400;\">Delikatnie wmasowa\u0107 w sk\u00f3r\u0119 opuszkami palc\u00f3w, aby u\u0142atwi\u0107 wch\u0142anianie.<\/li>\n<\/ol>\n<p style=\"font-weight: 400;\"><strong>G\u0142\u00f3wne sk\u0142adniki aktywne:<\/strong> PDRN, niacynamid, centella asiatica, ekstrakt z ziaren kakaowca, peptydy regeneruj\u0105ce tkank\u0119 \u0142\u0105czn\u0105 (mied\u017a-1, tr\u00f3jpeptyd palmitoilowy-1, pentapeptyd palmitoilowy-4), heksapeptyd-11<\/p>\n<p style=\"font-weight: 400;\"><strong>Kluczowe cechy<\/strong>: zapewnia doskona\u0142y BFE (emulsja na powierzchni sk\u00f3ry), nawil\u017cenie, dzia\u0142anie przeciwzmarszczkowe (aktywne sk\u0142adniki analogu botoksu), dzia\u0142anie przeciwzapalne i przeciwdrobnoustrojowe (tradycyjny kompleks zio\u0142owy).<\/p>\n<p style=\"font-weight: 400;\"><strong>Dla kogo jest przeznaczony?<\/strong><\/p>\n<p style=\"font-weight: 400;\">Dla tych, kt\u00f3rzy chc\u0105 lekkiej, ale bogatej formu\u0142y. Ponadto produkt jest zalecany jako cz\u0119\u015b\u0107 rutynowej piel\u0119gnacji sk\u00f3ry Age Recovery.<\/p>\n","protected":false},"featured_media":64,"comment_status":"open","ping_status":"closed","template":"","meta":{"_eb_attr":""},"product_brand":[],"product_cat":[19],"product_tag":[],"class_list":{"0":"post-34","1":"product","2":"type-product","3":"status-publish","4":"has-post-thumbnail","6":"product_cat-odzyskiwanie-wieku-program-opieki-pozabiegowej","8":"first","9":"onbackorder","10":"shipping-taxable","11":"purchasable","12":"product-type-simple"},"jetpack_sharing_enabled":true,"_links":{"self":[{"href":"https:\/\/dermaline-co.pl\/index.php?rest_route=\/wp\/v2\/product\/34","targetHints":{"allow":["GET"]}}],"collection":[{"href":"https:\/\/dermaline-co.pl\/index.php?rest_route=\/wp\/v2\/product"}],"about":[{"href":"https:\/\/dermaline-co.pl\/index.php?rest_route=\/wp\/v2\/types\/product"}],"replies":[{"embeddable":true,"href":"https:\/\/dermaline-co.pl\/index.php?rest_route=%2Fwp%2Fv2%2Fcomments&post=34"}],"version-history":[{"count":2,"href":"https:\/\/dermaline-co.pl\/index.php?rest_route=\/wp\/v2\/product\/34\/revisions"}],"predecessor-version":[{"id":563,"href":"https:\/\/dermaline-co.pl\/index.php?rest_route=\/wp\/v2\/product\/34\/revisions\/563"}],"wp:featuredmedia":[{"embeddable":true,"href":"https:\/\/dermaline-co.pl\/index.php?rest_route=\/wp\/v2\/media\/64"}],"wp:attachment":[{"href":"https:\/\/dermaline-co.pl\/index.php?rest_route=%2Fwp%2Fv2%2Fmedia&parent=34"}],"wp:term":[{"taxonomy":"product_brand","embeddable":true,"href":"https:\/\/dermaline-co.pl\/index.php?rest_route=%2Fwp%2Fv2%2Fproduct_brand&post=34"},{"taxonomy":"product_cat","embeddable":true,"href":"https:\/\/dermaline-co.pl\/index.php?rest_route=%2Fwp%2Fv2%2Fproduct_cat&post=34"},{"taxonomy":"product_tag","embeddable":true,"href":"https:\/\/dermaline-co.pl\/index.php?rest_route=%2Fwp%2Fv2%2Fproduct_tag&post=34"}],"curies":[{"name":"wp","href":"https:\/\/api.w.org\/{rel}","templated":true}]}}