{"id":35,"date":"2023-08-26T01:25:14","date_gmt":"2023-08-25T23:25:14","guid":{"rendered":"http:\/\/dermaline-co.pl\/?post_type=product&#038;p=35"},"modified":"2026-04-14T16:54:39","modified_gmt":"2026-04-14T14:54:39","slug":"bio-activing-pdrn-ampoule-1-000ppm","status":"publish","type":"product","link":"https:\/\/dermaline-co.pl\/?product=bio-activing-pdrn-ampoule-1-000ppm","title":{"rendered":"BIO ACTIVING PDRN AMPOULE [1.000ppm]"},"content":{"rendered":"","protected":false},"excerpt":{"rendered":"<p><strong>75 ml<\/strong><\/p>\n<p style=\"font-weight: 400;\"><strong>Zaprogramowana m\u0142odzie\u017c<\/strong><\/p>\n<p style=\"font-weight: 400;\">W wieku dwudziestu lat nale\u017cy zacz\u0105\u0107 rozpieszcza\u0107 sk\u00f3r\u0119 odpowiednimi kosmetykami, aby op\u00f3\u017ani\u0107 widoczne oznaki starzenia. I nawet wtedy nie da si\u0119 ca\u0142kowicie unikn\u0105\u0107 zmarszczek. Ale jest rozwi\u0105zanie dla takich przypadk\u00f3w! Specjalnie opracowane, silnie skoncentrowane, od\u017cywcze i biorewitalizuj\u0105ce serum b\u0142yskawicznie i widocznie poprawia kondycj\u0119 sk\u00f3ry. A przy regularnym stosowaniu mo\u017ce by\u0107 wykorzystywane do skutecznego programu przeciwzmarszczkowego i uj\u0119drniaj\u0105cego.<\/p>\n<p style=\"font-weight: 400;\"><strong>Spos\u00f3b u\u017cycia:<\/strong> po oczyszczeniu sk\u00f3ry i zastosowaniu toniku nanie\u015b\u0107 8-10 kropli serum na twarz, powieki, szyj\u0119 i dekolt i wmasowa\u0107 w sk\u00f3r\u0119 lekkimi, delikatnymi ruchami.<\/p>\n<p style=\"font-weight: 400;\"><strong>G\u0142\u00f3wne sk\u0142adniki aktywne:<\/strong> PDRN, Na-hialuronian, beta-glukan, tr\u00f3jpeptyd miedzi-1, acetyloheksapeptyd-8<\/p>\n<p style=\"font-weight: 400;\"><strong>Podkre\u015blone w\u0142a\u015bciwo\u015bci:<\/strong> nawil\u017ca, tonizuje, zwi\u0119ksza produkcj\u0119 kolagenu, elastyny i kwasu hialuronowego, rozci\u0105ga tkank\u0119 \u0142\u0105czn\u0105, dzia\u0142a rozlu\u017aniaj\u0105co na mi\u0119\u015bnie (peptyd b\u0119d\u0105cy analogiem botoksu).<\/p>\n<p style=\"font-weight: 400;\"><strong>Dla kogo jest przeznaczony?<\/strong><\/p>\n<p style=\"font-weight: 400;\">Jego stosowanie jest zalecane jako krok w przyjmowaniu sk\u0142adnik\u00f3w aktywnych w profesjonalnych zabiegach kosmetycznych lub jako kolejny krok w kuracji podtrzymuj\u0105cej PDRN Age Recovery w domu.<\/p>\n","protected":false},"featured_media":65,"comment_status":"open","ping_status":"closed","template":"","meta":{"_eb_attr":""},"product_brand":[],"product_cat":[19],"product_tag":[],"class_list":{"0":"post-35","1":"product","2":"type-product","3":"status-publish","4":"has-post-thumbnail","6":"product_cat-odzyskiwanie-wieku-program-opieki-pozabiegowej","8":"first","9":"onbackorder","10":"shipping-taxable","11":"purchasable","12":"product-type-simple"},"jetpack_sharing_enabled":true,"_links":{"self":[{"href":"https:\/\/dermaline-co.pl\/index.php?rest_route=\/wp\/v2\/product\/35","targetHints":{"allow":["GET"]}}],"collection":[{"href":"https:\/\/dermaline-co.pl\/index.php?rest_route=\/wp\/v2\/product"}],"about":[{"href":"https:\/\/dermaline-co.pl\/index.php?rest_route=\/wp\/v2\/types\/product"}],"replies":[{"embeddable":true,"href":"https:\/\/dermaline-co.pl\/index.php?rest_route=%2Fwp%2Fv2%2Fcomments&post=35"}],"version-history":[{"count":2,"href":"https:\/\/dermaline-co.pl\/index.php?rest_route=\/wp\/v2\/product\/35\/revisions"}],"predecessor-version":[{"id":391,"href":"https:\/\/dermaline-co.pl\/index.php?rest_route=\/wp\/v2\/product\/35\/revisions\/391"}],"wp:featuredmedia":[{"embeddable":true,"href":"https:\/\/dermaline-co.pl\/index.php?rest_route=\/wp\/v2\/media\/65"}],"wp:attachment":[{"href":"https:\/\/dermaline-co.pl\/index.php?rest_route=%2Fwp%2Fv2%2Fmedia&parent=35"}],"wp:term":[{"taxonomy":"product_brand","embeddable":true,"href":"https:\/\/dermaline-co.pl\/index.php?rest_route=%2Fwp%2Fv2%2Fproduct_brand&post=35"},{"taxonomy":"product_cat","embeddable":true,"href":"https:\/\/dermaline-co.pl\/index.php?rest_route=%2Fwp%2Fv2%2Fproduct_cat&post=35"},{"taxonomy":"product_tag","embeddable":true,"href":"https:\/\/dermaline-co.pl\/index.php?rest_route=%2Fwp%2Fv2%2Fproduct_tag&post=35"}],"curies":[{"name":"wp","href":"https:\/\/api.w.org\/{rel}","templated":true}]}}