{"id":40,"date":"2023-08-26T01:25:15","date_gmt":"2023-08-25T23:25:15","guid":{"rendered":"http:\/\/dermaline-co.pl\/?post_type=product&#038;p=40"},"modified":"2026-04-14T13:22:39","modified_gmt":"2026-04-14T11:22:39","slug":"bio-hyaluron-fluid-ampoule","status":"publish","type":"product","link":"https:\/\/dermaline-co.pl\/?product=bio-hyaluron-fluid-ampoule","title":{"rendered":"BIO HYALURON FLUID AMPOULE"},"content":{"rendered":"","protected":false},"excerpt":{"rendered":"<p><strong>75 ml<\/strong><\/p>\n<p style=\"font-weight: 400;\"><strong>Maksymalne nawodnienie<\/strong><\/p>\n<p style=\"font-weight: 400;\">Prawie nie ma osoby, kt\u00f3ra nie do\u015bwiadczy\u0142aby dyskomfortu odwodnionej sk\u00f3ry: sw\u0119dz\u0105cej, napi\u0119tej, \u0142uszcz\u0105cej si\u0119. Na szcz\u0119\u015bcie istniej\u0105 super kosmetyki, takie jak to serum, kt\u00f3re mog\u0105 w mgnieniu oka z\u0142agodzi\u0107 objawy spragnionej sk\u00f3ry. Nawil\u017ca, normalizuje optymalne z\u0142uszczanie, ma w\u0142a\u015bciwo\u015bci przeciwzapalne i jest doskona\u0142ym produktem do piel\u0119gnacji sk\u00f3ry odwodnionej.<\/p>\n<p style=\"font-weight: 400;\">Zastosowanie:<\/p>\n<ol>\n<li style=\"font-weight: 400;\">Po oczyszczeniu sk\u00f3ry i zastosowaniu toniku nanie\u015b\u0107 8-10 kropli serum na twarz, powieki, szyj\u0119 i dekolt i wmasowa\u0107 w sk\u00f3r\u0119 lekkimi, delikatnymi ruchami.<\/li>\n<\/ol>\n<p style=\"font-weight: 400;\"><strong>G\u0142\u00f3wne sk\u0142adniki aktywne:<\/strong>Na-hyaluron\u00e1t, aloe vera, b\u00e9ta-gl\u00fck\u00e1n, Aquaxyl hidrat\u00e1l\u00f3 komplex, allantoin, aminosavak (alanine, arginine, glicine, serine)<\/p>\n<p style=\"font-weight: 400;\"><strong>Najwa\u017cniejsze cechy<\/strong>: nawil\u017caj\u0105cy, \u0142agodz\u0105cy, przeciwzapalny, zalecany do rutyny domowej i zabieg\u00f3w salonowych &#8222;Sebum Balance&#8221;.<\/p>\n<p style=\"font-weight: 400;\"><strong>Dla kogo jest przeznaczony?<\/strong><\/p>\n<p style=\"font-weight: 400;\">Jest zalecany do stosowania jako krok w aplikacji sk\u0142adnik\u00f3w aktywnych w profesjonalnych zabiegach kosmetycznych lub jako serum w domowej rutynie.<\/p>\n","protected":false},"featured_media":77,"comment_status":"open","ping_status":"closed","template":"","meta":{"_eb_attr":""},"product_brand":[],"product_cat":[20,17],"product_tag":[],"class_list":{"0":"post-40","1":"product","2":"type-product","3":"status-publish","4":"has-post-thumbnail","6":"product_cat-aqua-protect-program-opieki-pozabiegowej","7":"product_cat-landing-page","9":"first","10":"onbackorder","11":"shipping-taxable","12":"purchasable","13":"product-type-simple"},"jetpack_sharing_enabled":true,"_links":{"self":[{"href":"https:\/\/dermaline-co.pl\/index.php?rest_route=\/wp\/v2\/product\/40","targetHints":{"allow":["GET"]}}],"collection":[{"href":"https:\/\/dermaline-co.pl\/index.php?rest_route=\/wp\/v2\/product"}],"about":[{"href":"https:\/\/dermaline-co.pl\/index.php?rest_route=\/wp\/v2\/types\/product"}],"replies":[{"embeddable":true,"href":"https:\/\/dermaline-co.pl\/index.php?rest_route=%2Fwp%2Fv2%2Fcomments&post=40"}],"version-history":[{"count":3,"href":"https:\/\/dermaline-co.pl\/index.php?rest_route=\/wp\/v2\/product\/40\/revisions"}],"predecessor-version":[{"id":388,"href":"https:\/\/dermaline-co.pl\/index.php?rest_route=\/wp\/v2\/product\/40\/revisions\/388"}],"wp:featuredmedia":[{"embeddable":true,"href":"https:\/\/dermaline-co.pl\/index.php?rest_route=\/wp\/v2\/media\/77"}],"wp:attachment":[{"href":"https:\/\/dermaline-co.pl\/index.php?rest_route=%2Fwp%2Fv2%2Fmedia&parent=40"}],"wp:term":[{"taxonomy":"product_brand","embeddable":true,"href":"https:\/\/dermaline-co.pl\/index.php?rest_route=%2Fwp%2Fv2%2Fproduct_brand&post=40"},{"taxonomy":"product_cat","embeddable":true,"href":"https:\/\/dermaline-co.pl\/index.php?rest_route=%2Fwp%2Fv2%2Fproduct_cat&post=40"},{"taxonomy":"product_tag","embeddable":true,"href":"https:\/\/dermaline-co.pl\/index.php?rest_route=%2Fwp%2Fv2%2Fproduct_tag&post=40"}],"curies":[{"name":"wp","href":"https:\/\/api.w.org\/{rel}","templated":true}]}}